ve j(-5).
12
Let h(c) = -c + 25. Calculate h(14).
11
Let b(f) = 3*f**2 + 7*f + 23. Determine b(-6).
89
Let f(r) = 2*r - 7. What is f(6)?
5
Let g(y) = y**2 - 28*y - 206. Calculate g(34).
-2
Let l(b) = b**2 - 4*b - 29. Give l(7).
-8
Let z(b) = b**3 + 7*b**2 - 6*b + 2. Determine z(-8).
-14
Let i(b) = b**2 + 2*b + 40. Give i(-6).
64
Let p(t) = t**3 + 25*t**2 + 99*t - 24. Calculate p(-20).
-4
Let i(t) = 6*t - 23. What is i(3)?
-5
Let w(i) = -i**2 - 133*i - 637. Determine w(-5).
3
Let c(n) = n**2 - 5*n - 121. Calculate c(-9).
5
Let i(n) = -n**3 + 28*n**2 - 26*n - 15. Determine i(27).
12
Let v(u) = -u**3 - 11*u**2 - 2*u + 61. What is v(-10)?
-19
Let f(u) = -u**3 - 8*u**2 - 8*u. Calculate f(-7).
7
Let k(u) = -u**3 - u**2 + 8*u - 5. Give k(2).
-1
Let a(b) = 2*b - 3. What is a(-9)?
-21
Let s(w) = -w**3 - 12*w**2 - 8*w + 19. Determine s(-11).
-14
Let l(w) = 17*w + 786. What is l(-46)?
4
Let u(y) = y**3 + 8*y**2 - 7*y - 2. Calculate u(-9).
-20
Let o(r) = -r**2 + 5*r + 1. Give o(4).
5
Let r(i) = -18*i + 9. Determine r(3).
-45
Let d(o) = -o**3 - 9*o**2 - 8*o. What is d(-8)?
0
Let q(b) = -b**2 + 23*b - 114. Calculate q(7).
-2
Let q(i) = -5*i**2 + i - 1. What is q(2)?
-19
Let z(b) = 49*b - 102. Calculate z(2).
-4
Let s(f) = -f**3 - f**2 + 5*f + 5. What is s(-1)?
0
Let g(r) = -r**3 + r**2 - 4*r - 9. Determine g(0).
-9
Let t(s) = -2*s + 13. What is t(0)?
13
Let p(f) = 2*f - 4. Give p(3).
2
Let f(w) = -w**2 - 22*w - 37. Determine f(-20).
3
Let y(v) = v**3 + 7*v**2 + 8*v + 3. What is y(-6)?
-9
Let u(z) = 3*z**3 + 7*z**2 + 8*z + 6. Determine u(-2).
-6
Let d(p) = 6*p**2 - 4*p - 5. Give d(-1).
5
Let b(x) = -32*x**3 + x**2 - x - 1. Determine b(-1).
33
Let u(z) = z**2 - 4*z - 9. Give u(-2).
3
Let h(p) = -3*p - 10. Determine h(4).
-22
Let g(o) = o**2 + 18*o - 17. Determine g(-19).
2
Let m(q) = 7*q**2 + 4*q + 2. Determine m(-2).
22
Let q(k) = k - 7. Determine q(12).
5
Let n(c) = -c**3 - 5*c**2 + 6*c + 6. Determine n(-6).
6
Let v(b) = 4*b**2 - 22*b - 1. Determine v(4).
-25
Let w(d) = 43*d**3 + 2*d + 1. What is w(-1)?
-44
Let a(p) = -9*p**2 + 43*p + 5. What is a(5)?
-5
Let d(m) = -6*m**3 + m**2 + 4*m + 3. What is d(-2)?
47
Let d(l) = -15*l + 12. Calculate d(1).
-3
Let k(d) = d**3 - 6*d**2 - 8*d + 2. Give k(7).
-5
Let o(f) = -f**3 - 22*f**2 - 22*f - 24. Give o(-21).
-3
Let j(s) = 25*s**2 + s - 1. Determine j(1).
25
Let o(u) = -5*u**3 - u**2 - 2*u - 1. Give o(-1).
5
Let v(c) = -c**2 + 8*c - 15. Determine v(8).
-15
Let b(m) = -3*m**2 + m. Determine b(1).
-2
Let x(p) = -p**3 - 21*p**2 + 4*p + 88. What is x(-21)?
4
Let v(w) = w + 44. Give v(0).
44
Let i(v) = 13*v + 3. What is i(-4)?
-49
Let d(b) = -3*b - 38. What is d(-14)?
4
Let l(o) = o**3 + 6*o**2 - 2. What is l(-4)?
30
Let o(s) = -11*s - 1. Give o(-3).
32
Let g(f) = 6*f**2 + 4. Give g(-2).
28
Let c(r) = r**3 - 3*r**2 - 35*r + 133. Calculate c(4).
9
Let f(s) = s**3 + 11*s**2 + 9*s - 18. Give f(-10).
-8
Let j(n) = -n**3 + 10*n**2 - 4*n + 20. Calculate j(10).
-20
Let p(o) = -o**3 + 9*o**2 + 9*o + 9. What is p(10)?
-1
Let f(y) = y - 4. Calculate f(14).
10
Let w(k) = k**3 + 45*k**2 - k - 34. Give w(-45).
11
Let n(l) = -6*l**2 + 192*l - 7. Determine n(32).
-7
Let g(q) = 2*q**3 - 4*q**2 - 1. Calculate g(-2).
-33
Let f(m) = m**3 - 6*m**2 + 17. Determine f(6).
17
Let d(u) = -u**3 - 3*u**2 + 7*u + 5. What is d(-4)?
-7
Let j(p) = -34*p - 21. Determine j(-2).
47
Let v(n) = 2*n**2 - 57*n - 21. What is v(27)?
-102
Let c(j) = -j**2 - 9*j - 2. Calculate c(-7).
12
Let q(l) = l**3 - 2*l**2 - 5*l - 1. Calculate q(-2).
-7
Let i(b) = 8*b - 256. What is i(31)?
-8
Let t(c) = 10*c**2 - 72*c - 10. Determine t(7).
-24
Let y(q) = -q**2 - 16*q - 61. What is y(-6)?
-1
Let c(h) = 23*h - 76. Calculate c(4).
16
Let i(c) = -c**3 - 9*c**2 - c - 15. Give i(-9).
-6
Let v(a) = -7*a - 17. What is v(-4)?
11
Let b(i) = i**3 - 30*i**2 - 62*i - 62. What is b(32)?
2
Let f(k) = -2*k**2 - 10*k. Give f(-9).
-72
Let w(z) = z + 6. Give w(-16).
-10
Let d(l) = l**3 + 17*l**2 + 15*l - 22. Give d(-16).
-6
Let a(s) = -43*s + 4. Determine a(-2).
90
Let j(g) = g**3 + 6*g**2 + g + 6. Calculate j(-6).
0
Let s(d) = -d**3 - 24*d**2 - 2*d + 10. Determine s(-24).
58
Let a(h) = -27*h + 40. Give a(3).
-41
Let n(m) = m**3 + 9*m**2 + 4*m + 31. Calculate n(-9).
-5
Let w(j) = j**3 - 7*j**2 - 19*j + 10. Calculate w(9).
1
Let b(c) = -c**3 + 3*c**2 + 2*c. Determine b(-3).
48
Let d(s) = -s**3 + s**2 - 20. Determine d(0).
-20
Let a(q) = -3*q + 53. Give a(18).
-1
Let y(u) = 22*u - 53. Determine y(9).
145
Let h(k) = k**3 + 4*k**2 - 5*k + 12. What is h(-6)?
-30
Let k(g) = g**2 - 18*g + 55. Determine k(4).
-1
Let f(c) = c + 5. Give f(-17).
-12
Let f(b) = -39*b + 184. Determine f(5).
-11
Let w(k) = -7*k + 4. Determine w(-3).
25
Let c(z) = 4*z**3 + z**2 - 4*z - 4. Determine c(-1).
-3
Let q(w) = -2*w - 1. Give q(-4).
7
Let p(b) = -50*b**2 + 2*b. Determine p(-1).
-52
Let l(o) = o**3 - 6*o**2 + 5*o + 11. Calculate l(5).
11
Let f(x) = -x**3 - x - 2. Calculate f(0).
-2
Let d(c) = 2*c - 12. Determine d(11).
10
Let l(m) = -100*m - 599. What is l(-6)?
1
Let w(f) = -f**3 + 45*f**2 - 84*f - 90. Determine w(43).
-4
Let l(p) = 2*p**3 + 7*p**2 - 5. Give l(-3).
4
Let k(n) = -107*n + 1501. Give k(14).
3
Let g(n) = -n**2 + 22*n - 95. Determine g(16).
1
Let f(p) = -7*p**2 - 2*p - 2. Calculate f(-1).
-7
Let j(t) = -9*t + 33. Determine j(3).
6
Let w(q) = -q**3 + 9*q**2 + 4*q - 19. What is w(9)?
17
Let y(a) = 3*a**3 + 4*a**2 - 3*a. Calculate y(2).
34
Let o(w) = -w**2 - 2*w + 19. Calculate o(-6).
-5
Let p(j) = -2*j**3 - 5*j**2 + 4*j - 1. What is p(-3)?
-4
Let f(g) = 3*g - 1. Calculate f(4).
11
Let i(h) = -10*h**3 + 3*h**2 - 4*h + 2. Give i(1).
-9
Let g(l) = 2*l**2 - 6*l + 8. Calculate g(3).
8
Let g(c) = -3*c - 1. Determine g(-1).
2
Let c(s) = 88*s. What is c(1)?
88
Let k(i) = -3*i - 46. Calculate k(-7).
-25
Let f(y) = -50*y + 48. What is f(1)?
-2
Let q(r) = -r**3 + 7*r**2 - 7*r - 12. Calculate q(6).
-18
Let y(u) = -79*u**2. Give y(1).
-79
Let a(k) = -k**3 - 6*k**2 - 5*k - 3. Give a(-6).
27
Let x(m) = -m**3 - 5*m**2 + 9*m - 5. Calculate x(1).
-2
Let l(h) = -h**3 + 6*h**2 - 33*h + 192. Calculate l(6).
-6
Let s(y) = y**3 + 6*y**2 + 6*y + 1. Give s(-6).
-35
Let u(o) = -10*o + 119. Determine u(10).
19
Let n(g) = g**3 - 7*g**2 - 19*g + 7. Calculate n(9).
-2
Let x(w) = -w + 28. Determine x(10).
18
Let x(l) = -10*l - 131. Calculate x(-15).
19
Let m(n) = 5*n + 36. What is m(-6)?
6
Let g(j) = j**2 - 11*j - 23. Give g(13).
3
Let k(b) = -4*b - 12. Give k(-9).
24
Let d(q) = 4*q - 195. What is d(38)?
-43
Let d(c) = 4*c + 5. Calculate d(6).
29
Let p(j) = 2*j**3 + j**2 + 3*j + 7. Give p(-2).
-11
Let d(a) = a - 8. Calculate d(6).
-2
Let d(n) = -2*n - 22. What is d(-5)?
-12
Let g(r) = -r - 10. Give g(-6).
-4
Let n(g) = -g**3 - 8*g**2 + 66*g + 8. Determine n(5).
13
Let x(j) = 2*j + 5. Calculate x(5).
15
Let k(l) = l**3 - 68*l**2 + 64*l + 209. Calculate k(67).
8
Let x(r) = r**2 - 17*r + 14. What is x(13)?
-38
Let b(a) = -a**2 - 2. Determine b(-3).
-11
Let p(a) = -15*a - 28. Determine p(-3).
17
Let i(r) = r**2 + 9*r - 58. Determine i(5).
12
Let g(i) = -i**2 + 3*i + 1. Calculate g(-4).
-27
Let d(r) = 16*r**2 + 2. Determine d(-2).
66
Let y(l) = 9*l + 4. Give y(-2).
-14
Let j(v) = -94*v + 483. Calculate j(5).
13
Let m(o) = 4*o - 41. Determine m(11).
3
Let a(w) = -w**2 + 5*w + 1. Determine a(3).
7
Let c(r) = -6*r + 195. Determine c(33).
-3
Let c(s) = s**2 + 9*s + 12. Give c(-6).
-6
Let p(k) = -k**3 - 9*k**2 - 9*k - 8. Determine p(-8).
0
Let i(v) = 2*v**3 - 13*v**2 - v - 42. What is i(7)?
0
Let t(c) = -2*c**3 - 33*c**2 - 15*c - 2. Calculate t(-16).
-18
Let j(k) = -2*k**3 + 3*k**2 - 1. What is j(3)?
-28
Let l(t) = -110*t**2 + t + 1. Determine l(-1).
-110
Let r(v) = v**3 - 2*v**2 - v + 1. Calculate r(2).
-1
Let a(r) = -r**2 - 6*r - 1. Calculate a(-3).
8
Let s(r) = 5*r**3 + r. Give s(-1).
-6
Let q(t) = -7*t**2 - 4*t + 12. Calculate q(4).
-116
Let l(y) = -y**3 + 30*y**2 - 126*y + 25. Calculate l(25).
0
Let w(h) = h**2 - 5*h + 4. Calculate w(5).
4
Let z(k) = -31*k**3. Calculate z(1).
-31
Let f(p) = -16*p - 13. Calculate f(-2).
19
Let q(z) = -3*z**2 + 23*z + 29. Determine q(9).
-7
Let d(g) = 4*g - 72. Calculate d(6).
-48
Let q(x) = x**3 + 7*x**2 - 17*x - 49. Determine q(-8).
23
Let k(t) = t**2 + 13*t + 25. Give k(-10).
-5
Let r(j) = -j**2 + 14*j 